{"id":22358,"date":"2020-05-10T11:20:56","date_gmt":"2020-05-10T11:20:56","guid":{"rendered":"http:\/\/www.globalcv.es\/?page_id=22358\/"},"modified":"2020-05-14T18:15:11","modified_gmt":"2020-05-14T18:15:11","slug":"webinarios-global","status":"publish","type":"page","link":"http:\/\/www.globalcv.es\/va\/webinarios-global\/","title":{"rendered":"WEBINARIOS GLOBAL"},"content":{"rendered":"<p>[vc_row row_type=&#8221;row&#8221; use_row_as_full_screen_section=&#8221;no&#8221; type=&#8221;full_width&#8221; text_align=&#8221;left&#8221; css_animation=&#8221;&#8221; css=&#8221;.vc_custom_1499425695618{margin-bottom: 20px !important;padding-top: 10px !important;padding-bottom: 10px !important;background-color: #ffffff !important;border-radius: 10px !important;}&#8221;][vc_column][vc_text_separator title=&#8221;APOSTEM, MES QUE MAI, PER LA TEUA FORMACI\u00d3&#8221;][\/vc_column][\/vc_row][vc_row row_type=&#8221;row&#8221; use_row_as_full_screen_section=&#8221;no&#8221; type=&#8221;full_width&#8221; text_align=&#8221;left&#8221; css_animation=&#8221;&#8221; css=&#8221;.vc_custom_1510913136362{margin-bottom: 20px !important;padding-top: 10px !important;padding-bottom: 10px !important;background-color: #ffffff !important;border-radius: 10px !important;}&#8221;][vc_column][vc_column_text]<\/p>\n<p><strong>IVACE Internacional<\/strong>\u00a0i les\u00a0<strong>Cambres de Comer\u00e7<\/strong>, en col\u00b7laboraci\u00f3 amb\u00a0<strong>ICEX<\/strong>, continuem treballant junts i unint els nostres esfor\u00e7os per a oferir a les empreses tota la informaci\u00f3 necess\u00e0ria per al seu proc\u00e9s d\u2019internacionalitzaci\u00f3 i fer arribar el nostre suport a tots els racons de la Comunitat Valenciana. I m\u00e9s encara en un escenari creat per la pand\u00e8mia provocada pel Covid-19.<\/p>\n<p>&nbsp;<\/p>\n<p>Per aix\u00f2,\u00a0<strong>posem a la teua disposici\u00f3<\/strong>\u00a0tota una bateria de\u00a0<strong>seminaris online gratu\u00efts<\/strong>\u00a0sobre temes molt diversos en els quals intervenen persones amb experi\u00e8ncia i coneixement del comer\u00e7 internacional.<\/p>\n<p>&nbsp;<\/p>\n<p>En l\u2019escenari de canvis i incertesa que ha provocat la crisi del Covid-19, \u00e9s imprescindible comptar amb\u00a0<strong>informaci\u00f3 fiable i actualitzada sobre l\u2019evoluci\u00f3 dels mercats<\/strong>, amb les claus de com cada sector ha d\u2019adaptar-se per a mantindre el seu negoci. Les empreses que m\u00e9s r\u00e0pid s\u2019adapten per a respondre a les demandes del mercat internacional s\u00f3n aquelles que resistiran millor i podran aprofitar les oportunitats.[\/vc_column_text][\/vc_column][\/vc_row][vc_row row_type=&#8221;row&#8221; use_row_as_full_screen_section=&#8221;no&#8221; type=&#8221;grid&#8221; text_align=&#8221;left&#8221; css_animation=&#8221;&#8221; css=&#8221;.vc_custom_1499425851790{margin-bottom: 20px !important;padding-top: 10px !important;padding-bottom: 10px !important;background-color: #ffffff !important;border-radius: 10px !important;}&#8221;][vc_column][vc_text_separator title=&#8221;\u00bfT&#8217;interessa formar-te? Consulta ac\u00ed la programaci\u00f3.&#8221; border_color=&#8221;#dd9933&#8243; title_color=&#8221;#dd9933&#8243;][\/vc_column][\/vc_row][vc_row row_type=&#8221;row&#8221; use_row_as_full_screen_section=&#8221;no&#8221; type=&#8221;grid&#8221; text_align=&#8221;left&#8221; css_animation=&#8221;&#8221; css=&#8221;.vc_custom_1499425851790{margin-bottom: 20px !important;padding-top: 10px !important;padding-bottom: 10px !important;background-color: #ffffff !important;border-radius: 10px !important;}&#8221;][vc_column]<div class=\"vc_row\" id=\"agenda_home\" style=\"margin-bottom:30px;margin-top:30px;\"><div class=\"vc_col vc_col-sm-3\"><H4>PROPERS ESDEVENIMENTS<\/H4>\n\t\t\t\t<p>Estos son los pr\u00f3ximos eventos que tenemos preparados para t\u00ed<\/p><select><option>Selecciona el tipo de evento<\/option><\/select><select><option>Selecciona tu ciudad<\/option><\/select><select><option>Cu\u00e1ndo<\/option><option>Esta semana<\/option><option>Pr\u00f3xima semana<\/option><\/select><\/div><div class=\"vc_col vc_col-sm-9\"><div class=\"evento_big\"><div class=\"fecha\"><span>04<\/span><br>May<br>15:00<\/div><h4><a href=\"http:\/\/www.agendainternacionalcv.com\/event\/curso-de-experto-fiscalidad-internacional\/\" target=\"_blank\">Curso de experto: Fiscalidad internacional<\/a><\/h4><\/div><div class=\"evento_big\"><div class=\"fecha\"><span>06<\/span><br>May<br>12:00<\/div><h4><a href=\"http:\/\/www.agendainternacionalcv.com\/event\/webinar-global-cv-international-social-commerce-live-shopping-nuevas-oportunidades-para-vender-al-exterior\/\" target=\"_blank\">Global CV | Webinar: International Social Commerce &amp; Live Shopping: nuevas oportunidades para vender al exterior<\/a><\/h4><\/div><div class=\"evento_big\"><div class=\"fecha\"><span>07<\/span><br>May<br>10:00<\/div><h4><a href=\"http:\/\/www.agendainternacionalcv.com\/event\/global-cv-oportunidades-de-negocio-en-china-2\/\" target=\"_blank\">GLOBAL CV | Oportunidades de Negocio en China<\/a><\/h4><\/div><div class=\"evento_big\"><div class=\"fecha\"><span>07<\/span><br>May<br>10:00<\/div><h4><a href=\"http:\/\/www.agendainternacionalcv.com\/event\/global-cv-oportunidades-de-negocio-en-china-2\/\" target=\"_blank\">GLOBAL CV | Oportunidades de Negocio en China<\/a><\/h4><\/div><div class=\"evento_big\"><div class=\"fecha\"><span>12<\/span><br>May<br>16:00<\/div><h4><a href=\"http:\/\/www.agendainternacionalcv.com\/event\/global-cv-acuerdo-ue-mercosur-el-1-de-mayo-marca-un-nuevo-escenario-comercial-para-tu-empresa\/\" target=\"_blank\">Global CV | Acuerdo UE\u2013Mercosur: el 1 de mayo marca un nuevo escenario comercial para tu empresa<\/a><\/h4><\/div><div class=\"evento_big\"><div class=\"fecha\"><span>14<\/span><br>May<br>10:00<\/div><h4><a href=\"http:\/\/www.agendainternacionalcv.com\/event\/1405-global-cv-internacionalizacion-inteligente-los-10-errores-y-los-10-aciertos-al-salir-al-exterior\/\" target=\"_blank\">14\/05 \u2013 Global CV | Internacionalizaci\u00f3n Inteligente. Los 10 errores y los 10 aciertos al salir al exterior<\/a><\/h4><\/div><div class=\"evento_big\"><div class=\"fecha\"><span>15<\/span><br>May<br>10:30<\/div><h4><a href=\"http:\/\/www.agendainternacionalcv.com\/event\/social-commerce-destino-estados-unidos_-2\/\" target=\"_blank\">GLOBAL CV | Social Commerce: Destino Estados Unidos<\/a><\/h4><\/div><div class=\"evento_big\"><div class=\"fecha\"><span>15<\/span><br>May<br>10:30<\/div><h4><a href=\"http:\/\/www.agendainternacionalcv.com\/event\/social-commerce-destino-colombia_\/\" target=\"_blank\">GLOBAL CV | Social Commerce: Destino Colombia<\/a><\/h4><\/div><div class=\"evento_big\"><div class=\"fecha\"><span>17<\/span><br>May<br>09:00<\/div><h4><a href=\"http:\/\/www.agendainternacionalcv.com\/event\/mision-comercial-costa-rica-y-panama-2026\/\" target=\"_blank\">Misi\u00f3n Comercial Costa Rica y Panam\u00e1 2026<\/a><\/h4><\/div><div class=\"evento_big\"><div class=\"fecha\"><span>06<\/span><br>Jun<br>09:00<\/div><h4><a href=\"http:\/\/www.agendainternacionalcv.com\/event\/mision-comercial-argelia-y-egipto-2026\/\" target=\"_blank\">Misi\u00f3n Comercial Argelia y Egipto 2026<\/a><\/h4><\/div><div class=\"evento_big\"><div class=\"fecha\"><span>26<\/span><br>Jun<br>10:30<\/div><h4><a href=\"http:\/\/www.agendainternacionalcv.com\/event\/social-commerce-destino-costa-de-marfil_\/\" target=\"_blank\">GLOBAL CV | Social Commerce: Destino Costa de Marfil<\/a><\/h4><\/div><div class=\"evento_big\"><div class=\"fecha\"><span>30<\/span><br>Jun<br>09:00<\/div><h4><a href=\"http:\/\/www.agendainternacionalcv.com\/event\/xpande-iniciacion-2026\/\" target=\"_blank\">Xpande Iniciaci\u00f3n 2026<\/a><\/h4><\/div><div class=\"evento_big\"><div class=\"fecha\"><span>05<\/span><br>Jul<br>09:00<\/div><h4><a href=\"http:\/\/www.agendainternacionalcv.com\/event\/mision-comercial-senegal-y-costa-de-marfil-2026\/\" target=\"_blank\">Misi\u00f3n Comercial Senegal y Costa de Marfil 2026<\/a><\/h4><\/div><div class=\"evento_big\"><div class=\"fecha\"><span>15<\/span><br>Sep<br>09:00<\/div><h4><a href=\"http:\/\/www.agendainternacionalcv.com\/event\/xpande-digital-2026\/\" target=\"_blank\">Xpande Digital 2026<\/a><\/h4><\/div><div class=\"evento_big\"><div class=\"fecha\"><span>18<\/span><br>Sep<br>10:30<\/div><h4><a href=\"http:\/\/www.agendainternacionalcv.com\/event\/social-commerce-destino-costa-rica_\/\" target=\"_blank\">GLOBAL CV | Social Commerce: Destino Costa Rica<\/a><\/h4><\/div><div class=\"evento_big\"><div class=\"fecha\"><span>22<\/span><br>Sep<br>09:00<\/div><h4><a href=\"http:\/\/www.agendainternacionalcv.com\/event\/participacion-agrupada-en-feria-marmomac-2026\/\" target=\"_blank\">Participaci\u00f3n Agrupada en Feria Marmomac 2026<\/a><\/h4><\/div><div class=\"evento_big\"><div class=\"fecha\"><span>16<\/span><br>Oct<br>10:30<\/div><h4><a href=\"http:\/\/www.agendainternacionalcv.com\/event\/social-commerce-destino-india_\/\" target=\"_blank\">GLOBAL CV | Social Commerce: Destino India<\/a><\/h4><\/div><div class=\"evento_big\"><div class=\"fecha\"><span>19<\/span><br>Oct<br>09:00<\/div><h4><a href=\"http:\/\/www.agendainternacionalcv.com\/event\/mision-comercial-kazajistan-y-uzbekistan-2026\/\" target=\"_blank\">Misi\u00f3n comercial Kazajist\u00e1n y Uzbekist\u00e1n 2026<\/a><\/h4><\/div><div class=\"evento_big\"><div class=\"fecha\"><span>30<\/span><br>Oct<br>10:30<\/div><h4><a href=\"http:\/\/www.agendainternacionalcv.com\/event\/social-commerce-destino-turquia_\/\" target=\"_blank\">GLOBAL CV | Social Commerce: Destino Turqu\u00eda<\/a><\/h4><\/div><div class=\"evento_big\"><div class=\"fecha\"><span>20<\/span><br>Nov<br>10:30<\/div><h4><a href=\"http:\/\/www.agendainternacionalcv.com\/event\/social-commerce-destino-reinounido_26\/\" target=\"_blank\">GLOBAL CV | Social Commerce: Reino Unido<\/a><\/h4><\/div><div class=\"evento_big\"><div class=\"fecha\"><span>22<\/span><br>Nov<br>09:00<\/div><h4><a href=\"http:\/\/www.agendainternacionalcv.com\/event\/mision-comercial-marruecos-2026\/\" target=\"_blank\">Misi\u00f3n comercial Marruecos 2026<\/a><\/h4><\/div><div class=\"evento_big\"><div class=\"fecha\"><span>30<\/span><br>Nov<br>09:00<\/div><h4><a href=\"http:\/\/www.agendainternacionalcv.com\/event\/mision-comercial-argentina-y-uruguay-2026\/\" target=\"_blank\">Misi\u00f3n comercial Argentina y Uruguay 2026<\/a><\/h4><\/div><\/div><script type=\"text\/javascript\">\n\t\t\t\t\n\t\t\tfunction actualiza_altos(){\n\t\t\t\tvar maxHeight = 0;\n\t\t\t\t\n\t\t\t\tjQuery(\".evento_big\").each(function(){\n\t\t\t\t\tif (jQuery(this).height() > maxHeight) { maxHeight = jQuery(this).height(); }\n\t\t\t\t});\n\t\t\t\n\t\t\t\tjQuery(\".evento_big\").height(maxHeight);\t\t\t\t\n\t\t\t}\n\t\t\t\t\n\t\t\tjQuery( document ).ready(function() {\n\t\t\t\tactualiza_altos();\t\n\t\t\t});\n\t\t\t\t\n\t\t\tjQuery( window ).load(function() {\n\t\t\t\tactualiza_altos();\t\n\t\t\t});\n\t\t\t\t\n\t\t\tvar addEvent = function(object, type, callback) {\n\t\t\t    if (object == null || typeof(object) == 'undefined') return;\n\t\t\t    if (object.addEventListener) {\n\t\t\t        object.addEventListener(type, callback, false);\n\t\t\t    } else if (object.attachEvent) {\n\t\t\t        object.attachEvent(\"on\" + type, callback);\n\t\t\t    } else {\n\t\t\t        object[\"on\"+type] = callback;\n\t\t\t    }\n\t\t\t};\n\t\t\t\n\t\t\t\n\t\t\taddEvent(window, \"resize\", function(event) {\n\t\t\t\n\t\t\t\tactualiza_altos();\n\t\t\t\t\n\t\t\t});\t\t\t\t\n\t\t\n\t\t<\/script><\/div>[\/vc_column][\/vc_row]<\/p>\n","protected":false},"excerpt":{"rendered":"<p>[vc_row row_type=&#8221;row&#8221; use_row_as_full_screen_section=&#8221;no&#8221; type=&#8221;full_width&#8221; text_align=&#8221;left&#8221; css_animation=&#8221;&#8221; css=&#8221;.vc_custom_1499425695618{margin-bottom: 20px !important;padding-top: 10px !important;padding-bottom: 10px !important;background-color: #ffffff !important;border-radius: 10px !important;}&#8221;][vc_column][vc_text_separator title=&#8221;APOSTEM, MES QUE MAI, PER LA TEUA FORMACI\u00d3&#8221;][\/vc_column][\/vc_row][vc_row row_type=&#8221;row&#8221; use_row_as_full_screen_section=&#8221;no&#8221; type=&#8221;full_width&#8221; text_align=&#8221;left&#8221; css_animation=&#8221;&#8221; css=&#8221;.vc_custom_1510913136362{margin-bottom: 20px !important;padding-top: 10px !important;padding-bottom: 10px !important;background-color: #ffffff !important;border-radius: 10px !important;}&#8221;][vc_column][vc_column_text] IVACE Internacional\u00a0i les\u00a0Cambres de&#8230;<\/p>\n","protected":false},"author":3,"featured_media":0,"parent":0,"menu_order":0,"comment_status":"closed","ping_status":"closed","template":"","meta":[],"_links":{"self":[{"href":"http:\/\/www.globalcv.es\/va\/wp-json\/wp\/v2\/pages\/22358"}],"collection":[{"href":"http:\/\/www.globalcv.es\/va\/wp-json\/wp\/v2\/pages"}],"about":[{"href":"http:\/\/www.globalcv.es\/va\/wp-json\/wp\/v2\/types\/page"}],"author":[{"embeddable":true,"href":"http:\/\/www.globalcv.es\/va\/wp-json\/wp\/v2\/users\/3"}],"replies":[{"embeddable":true,"href":"http:\/\/www.globalcv.es\/va\/wp-json\/wp\/v2\/comments?post=22358"}],"version-history":[{"count":16,"href":"http:\/\/www.globalcv.es\/va\/wp-json\/wp\/v2\/pages\/22358\/revisions"}],"predecessor-version":[{"id":22540,"href":"http:\/\/www.globalcv.es\/va\/wp-json\/wp\/v2\/pages\/22358\/revisions\/22540"}],"wp:attachment":[{"href":"http:\/\/www.globalcv.es\/va\/wp-json\/wp\/v2\/media?parent=22358"}],"curies":[{"name":"wp","href":"https:\/\/api.w.org\/{rel}","templated":true}]}}

<p>[vc_row row_type=&#8221;row&#8221; use_row_as_full_screen_section=&#8221;no&#8221; type=&#8221;full_width&#8221; text_align=&#8221;left&#8221; css_animation=&#8221;&#8221; css=&#8221;.vc_custom_1499425695618{margin-bottom: 20px !important;padding-top: 10px !important;padding-bottom: 10px !important;background-color: #ffffff !important;border-radius: 10px !important;}&#8221;][vc_column][vc_text_separator title=&#8221;APOSTEM, MES QUE MAI, PER LA TEUA FORMACIÓ&#8221;][/vc_column][/vc_row][vc_row row_type=&#8221;row&#8221; use_row_as_full_screen_section=&#8221;no&#8221; type=&#8221;full_width&#8221; text_align=&#8221;left&#8221; css_animation=&#8221;&#8221; css=&#8221;.vc_custom_1510913136362{margin-bottom: 20px !important;padding-top: 10px !important;padding-bottom: 10px !important;background-color: #ffffff !important;border-radius: 10px !important;}&#8221;][vc_column][vc_column_text]</p>
<p><strong>IVACE Internacional</strong> i les <strong>Cambres de Comerç</strong>, en col·laboració amb <strong>ICEX</strong>, continuem treballant junts i unint els nostres esforços per a oferir a les empreses tota la informació necessària per al seu procés d’internacionalització i fer arribar el nostre suport a tots els racons de la Comunitat Valenciana. I més encara en un escenari creat per la pandèmia provocada pel Covid-19.</p>
<p>&nbsp;</p>
<p>Per això, <strong>posem a la teua disposició</strong> tota una bateria de <strong>seminaris online gratuïts</strong> sobre temes molt diversos en els quals intervenen persones amb experiència i coneixement del comerç internacional.</p>
<p>&nbsp;</p>
<p>En l’escenari de canvis i incertesa que ha provocat la crisi del Covid-19, és imprescindible comptar amb <strong>informació fiable i actualitzada sobre l’evolució dels mercats</strong>, amb les claus de com cada sector ha d’adaptar-se per a mantindre el seu negoci. Les empreses que més ràpid s’adapten per a respondre a les demandes del mercat internacional són aquelles que resistiran millor i podran aprofitar les oportunitats.[/vc_column_text][/vc_column][/vc_row][vc_row row_type=&#8221;row&#8221; use_row_as_full_screen_section=&#8221;no&#8221; type=&#8221;grid&#8221; text_align=&#8221;left&#8221; css_animation=&#8221;&#8221; css=&#8221;.vc_custom_1499425851790{margin-bottom: 20px !important;padding-top: 10px !important;padding-bottom: 10px !important;background-color: #ffffff !important;border-radius: 10px !important;}&#8221;][vc_column][vc_text_separator title=&#8221;¿T&#8217;interessa formar-te? Consulta ací la programació.&#8221; border_color=&#8221;#dd9933&#8243; title_color=&#8221;#dd9933&#8243;][/vc_column][/vc_row][vc_row row_type=&#8221;row&#8221; use_row_as_full_screen_section=&#8221;no&#8221; type=&#8221;grid&#8221; text_align=&#8221;left&#8221; css_animation=&#8221;&#8221; css=&#8221;.vc_custom_1499425851790{margin-bottom: 20px !important;padding-top: 10px !important;padding-bottom: 10px !important;background-color: #ffffff !important;border-radius: 10px !important;}&#8221;][vc_column]<div class="vc_row" id="agenda_home" style="margin-bottom:30px;margin-top:30px;"><div class="vc_col vc_col-sm-3"><H4>PROPERS ESDEVENIMENTS</H4>
				<p>Estos son los próximos eventos que tenemos preparados para tí</p><select><option>Selecciona el tipo de evento</option></select><select><option>Selecciona tu ciudad</option></select><select><option>Cuándo</option><option>Esta semana</option><option>Próxima semana</option></select></div><div class="vc_col vc_col-sm-9"><div class="evento_big"><div class="fecha"><span>04</span><br>May<br>15:00</div><h4><a href="http://www.agendainternacionalcv.com/event/curso-de-experto-fiscalidad-internacional/" target="_blank">Curso de experto: Fiscalidad internacional</a></h4></div><div class="evento_big"><div class="fecha"><span>06</span><br>May<br>12:00</div><h4><a href="http://www.agendainternacionalcv.com/event/webinar-global-cv-international-social-commerce-live-shopping-nuevas-oportunidades-para-vender-al-exterior/" target="_blank">Global CV | Webinar: International Social Commerce &amp; Live Shopping: nuevas oportunidades para vender al exterior</a></h4></div><div class="evento_big"><div class="fecha"><span>07</span><br>May<br>10:00</div><h4><a href="http://www.agendainternacionalcv.com/event/global-cv-oportunidades-de-negocio-en-china-2/" target="_blank">GLOBAL CV | Oportunidades de Negocio en China</a></h4></div><div class="evento_big"><div class="fecha"><span>07</span><br>May<br>10:00</div><h4><a href="http://www.agendainternacionalcv.com/event/global-cv-oportunidades-de-negocio-en-china-2/" target="_blank">GLOBAL CV | Oportunidades de Negocio en China</a></h4></div><div class="evento_big"><div class="fecha"><span>12</span><br>May<br>16:00</div><h4><a href="http://www.agendainternacionalcv.com/event/global-cv-acuerdo-ue-mercosur-el-1-de-mayo-marca-un-nuevo-escenario-comercial-para-tu-empresa/" target="_blank">Global CV | Acuerdo UE–Mercosur: el 1 de mayo marca un nuevo escenario comercial para tu empresa</a></h4></div><div class="evento_big"><div class="fecha"><span>14</span><br>May<br>10:00</div><h4><a href="http://www.agendainternacionalcv.com/event/1405-global-cv-internacionalizacion-inteligente-los-10-errores-y-los-10-aciertos-al-salir-al-exterior/" target="_blank">14/05 – Global CV | Internacionalización Inteligente. Los 10 errores y los 10 aciertos al salir al exterior</a></h4></div><div class="evento_big"><div class="fecha"><span>15</span><br>May<br>10:30</div><h4><a href="http://www.agendainternacionalcv.com/event/social-commerce-destino-estados-unidos_-2/" target="_blank">GLOBAL CV | Social Commerce: Destino Estados Unidos</a></h4></div><div class="evento_big"><div class="fecha"><span>15</span><br>May<br>10:30</div><h4><a href="http://www.agendainternacionalcv.com/event/social-commerce-destino-colombia_/" target="_blank">GLOBAL CV | Social Commerce: Destino Colombia</a></h4></div><div class="evento_big"><div class="fecha"><span>17</span><br>May<br>09:00</div><h4><a href="http://www.agendainternacionalcv.com/event/mision-comercial-costa-rica-y-panama-2026/" target="_blank">Misión Comercial Costa Rica y Panamá 2026</a></h4></div><div class="evento_big"><div class="fecha"><span>06</span><br>Jun<br>09:00</div><h4><a href="http://www.agendainternacionalcv.com/event/mision-comercial-argelia-y-egipto-2026/" target="_blank">Misión Comercial Argelia y Egipto 2026</a></h4></div><div class="evento_big"><div class="fecha"><span>26</span><br>Jun<br>10:30</div><h4><a href="http://www.agendainternacionalcv.com/event/social-commerce-destino-costa-de-marfil_/" target="_blank">GLOBAL CV | Social Commerce: Destino Costa de Marfil</a></h4></div><div class="evento_big"><div class="fecha"><span>30</span><br>Jun<br>09:00</div><h4><a href="http://www.agendainternacionalcv.com/event/xpande-iniciacion-2026/" target="_blank">Xpande Iniciación 2026</a></h4></div><div class="evento_big"><div class="fecha"><span>05</span><br>Jul<br>09:00</div><h4><a href="http://www.agendainternacionalcv.com/event/mision-comercial-senegal-y-costa-de-marfil-2026/" target="_blank">Misión Comercial Senegal y Costa de Marfil 2026</a></h4></div><div class="evento_big"><div class="fecha"><span>15</span><br>Sep<br>09:00</div><h4><a href="http://www.agendainternacionalcv.com/event/xpande-digital-2026/" target="_blank">Xpande Digital 2026</a></h4></div><div class="evento_big"><div class="fecha"><span>18</span><br>Sep<br>10:30</div><h4><a href="http://www.agendainternacionalcv.com/event/social-commerce-destino-costa-rica_/" target="_blank">GLOBAL CV | Social Commerce: Destino Costa Rica</a></h4></div><div class="evento_big"><div class="fecha"><span>22</span><br>Sep<br>09:00</div><h4><a href="http://www.agendainternacionalcv.com/event/participacion-agrupada-en-feria-marmomac-2026/" target="_blank">Participación Agrupada en Feria Marmomac 2026</a></h4></div><div class="evento_big"><div class="fecha"><span>16</span><br>Oct<br>10:30</div><h4><a href="http://www.agendainternacionalcv.com/event/social-commerce-destino-india_/" target="_blank">GLOBAL CV | Social Commerce: Destino India</a></h4></div><div class="evento_big"><div class="fecha"><span>19</span><br>Oct<br>09:00</div><h4><a href="http://www.agendainternacionalcv.com/event/mision-comercial-kazajistan-y-uzbekistan-2026/" target="_blank">Misión comercial Kazajistán y Uzbekistán 2026</a></h4></div><div class="evento_big"><div class="fecha"><span>30</span><br>Oct<br>10:30</div><h4><a href="http://www.agendainternacionalcv.com/event/social-commerce-destino-turquia_/" target="_blank">GLOBAL CV | Social Commerce: Destino Turquía</a></h4></div><div class="evento_big"><div class="fecha"><span>20</span><br>Nov<br>10:30</div><h4><a href="http://www.agendainternacionalcv.com/event/social-commerce-destino-reinounido_26/" target="_blank">GLOBAL CV | Social Commerce: Reino Unido</a></h4></div><div class="evento_big"><div class="fecha"><span>22</span><br>Nov<br>09:00</div><h4><a href="http://www.agendainternacionalcv.com/event/mision-comercial-marruecos-2026/" target="_blank">Misión comercial Marruecos 2026</a></h4></div><div class="evento_big"><div class="fecha"><span>30</span><br>Nov<br>09:00</div><h4><a href="http://www.agendainternacionalcv.com/event/mision-comercial-argentina-y-uruguay-2026/" target="_blank">Misión comercial Argentina y Uruguay 2026</a></h4></div></div><script type="text/javascript">
				
			function actualiza_altos(){
				var maxHeight = 0;
				
				jQuery(".evento_big").each(function(){
					if (jQuery(this).height() > maxHeight) { maxHeight = jQuery(this).height(); }
				});
			
				jQuery(".evento_big").height(maxHeight);				
			}
				
			jQuery( document ).ready(function() {
				actualiza_altos();	
			});
				
			jQuery( window ).load(function() {
				actualiza_altos();	
			});
				
			var addEvent = function(object, type, callback) {
			    if (object == null || typeof(object) == 'undefined') return;
			    if (object.addEventListener) {
			        object.addEventListener(type, callback, false);
			    } else if (object.attachEvent) {
			        object.attachEvent("on" + type, callback);
			    } else {
			        object["on"+type] = callback;
			    }
			};
			
			
			addEvent(window, "resize", function(event) {
			
				actualiza_altos();
				
			});				
		
		</script></div>[/vc_column][/vc_row]</p>

<p>[vc_row row_type=&#8221;row&#8221; use_row_as_full_screen_section=&#8221;no&#8221; type=&#8221;full_width&#8221; text_align=&#8221;left&#8221; css_animation=&#8221;&#8221; css=&#8221;.vc_custom_1499425695618{margin-bottom: 20px !important;padding-top: 10px !important;padding-bottom: 10px !important;background-color: #ffffff !important;border-radius: 10px !important;}&#8221;][vc_column][vc_text_separator title=&#8221;APOSTEM, MES QUE MAI, PER LA TEUA FORMACIÓ&#8221;][/vc_column][/vc_row][vc_row row_type=&#8221;row&#8221; use_row_as_full_screen_section=&#8221;no&#8221; type=&#8221;full_width&#8221; text_align=&#8221;left&#8221; css_animation=&#8221;&#8221; css=&#8221;.vc_custom_1510913136362{margin-bottom: 20px !important;padding-top: 10px !important;padding-bottom: 10px !important;background-color: #ffffff !important;border-radius: 10px !important;}&#8221;][vc_column][vc_column_text] IVACE Internacional i les Cambres de&#8230;</p>
